er when 14422 is divided by 39?
31
Calculate the remainder when 1284 is divided by 295.
104
Calculate the remainder when 36 is divided by 25.
11
What is the remainder when 695 is divided by 107?
53
Calculate the remainder when 226 is divided by 76.
74
Calculate the remainder when 284 is divided by 82.
38
What is the remainder when 179 is divided by 4?
3
What is the remainder when 5404 is divided by 34?
32
What is the remainder when 144 is divided by 68?
8
What is the remainder when 9615 is divided by 14?
11
What is the remainder when 355 is divided by 301?
54
Calculate the remainder when 222 is divided by 56.
54
What is the remainder when 231 is divided by 182?
49
Calculate the remainder when 581 is divided by 95.
11
What is the remainder when 119 is divided by 13?
2
What is the remainder when 146 is divided by 41?
23
What is the remainder when 41 is divided by 7?
6
Calculate the remainder when 88 is divided by 47.
41
What is the remainder when 58 is divided by 30?
28
What is the remainder when 159 is divided by 63?
33
What is the remainder when 233 is divided by 30?
23
Calculate the remainder when 477 is divided by 33.
15
What is the remainder when 1159 is divided by 32?
7
What is the remainder when 126 is divided by 19?
12
Calculate the remainder when 5368 is divided by 1.
0
Calculate the remainder when 129 is divided by 120.
9
Calculate the remainder when 253 is divided by 67.
52
Calculate the remainder when 1345 is divided by 127.
75
Calculate the remainder when 2605 is divided by 145.
140
Calculate the remainder when 518 is divided by 42.
14
What is the remainder when 275 is divided by 22?
11
What is the remainder when 275 is divided by 139?
136
Calculate the remainder when 2686 is divided by 32.
30
Calculate the remainder when 12033 is divided by 118.
115
Calculate the remainder when 346 is divided by 169.
8
Calculate the remainder when 1743 is divided by 207.
87
What is the remainder when 42 is divided by 33?
9
Calculate the remainder when 312 is divided by 53.
47
What is the remainder when 52 is divided by 38?
14
What is the remainder when 357 is divided by 167?
23
Calculate the remainder when 102 is divided by 53.
49
Calculate the remainder when 513 is divided by 249.
15
What is the remainder when 457 is divided by 51?
49
Calculate the remainder when 361 is divided by 175.
11
What is the remainder when 896 is divided by 100?
96
What is the remainder when 3833 is divided by 765?
8
What is the remainder when 399 is divided by 71?
44
What is the remainder when 51 is divided by 9?
6
Calculate the remainder when 40478 is divided by 393.
392
Calculate the remainder when 4221 is divided by 303.
282
What is the remainder when 874 is divided by 7?
6
What is the remainder when 48 is divided by 13?
9
What is the remainder when 196 is divided by 43?
24
What is the remainder when 612 is divided by 271?
70
What is the remainder when 66 is divided by 62?
4
Calculate the remainder when 79 is divided by 23.
10
What is the remainder when 725 is divided by 51?
11
What is the remainder when 5488 is divided by 90?
88
What is the remainder when 83 is divided by 23?
14
What is the remainder when 1106 is divided by 160?
146
Calculate the remainder when 85 is divided by 23.
16
Calculate the remainder when 318 is divided by 106.
0
What is the remainder when 144 is divided by 135?
9
Calculate the remainder when 1361 is divided by 3.
2
Calculate the remainder when 775 is divided by 94.
23
What is the remainder when 763 is divided by 145?
38
Calculate the remainder when 15 is divided by 3.
0
What is the remainder when 267 is divided by 17?
12
Calculate the remainder when 1433 is divided by 161.
145
What is the remainder when 111 is divided by 69?
42
Calculate the remainder when 324 is divided by 41.
37
What is the remainder when 438 is divided by 219?
0
Calculate the remainder when 488 is divided by 55.
48
Calculate the remainder when 255 is divided by 82.
9
Calculate the remainder when 1482 is divided by 107.
91
What is the remainder when 151 is divided by 38?
37
Calculate the remainder when 165 is divided by 44.
33
What is the remainder when 27982 is divided by 264?
262
Calculate the remainder when 61 is divided by 6.
1
What is the remainder when 237 is divided by 16?
13
What is the remainder when 556 is divided by 16?
12
Calculate the remainder when 89 is divided by 25.
14
Calculate the remainder when 286 is divided by 147.
139
What is the remainder when 115 is divided by 39?
37
What is the remainder when 1569 is divided by 11?
7
What is the remainder when 2726 is divided by 8?
6
Calculate the remainder when 12 is divided by 1.
0
What is the remainder when 191 is divided by 28?
23
Calculate the remainder when 872 is divided by 19.
17
Calculate the remainder when 100 is divided by 58.
42
What is the remainder when 261 is divided by 44?
41
Calculate the remainder when 209 is divided by 101.
7
Calculate the remainder when 12542 is divided by 16.
14
Calculate the remainder when 718 is divided by 65.
3
Calculate the remainder when 1168 is divided by 65.
63
What is the remainder when 83 is divided by 25?
8
What is the remainder when 210 is divided by 54?
48
Calculate the remainder when 934 is divided by 2.
0
Calculate the remainder when 98 is divided by 50.
48
What is the remainder when 687 is divided by 257?
173
Calculate the remainder when 1036 is divided by 65.
61
Calculate the remainder when 1950 is divided by 63.
60
Calculate the remainder when 2958 is divided by 40.
38
Calculate the remainder when 1050 is divided by 211.
206
Calculate the remainder when 6841 is divided by 22.
21
Calculate the remainder when 25 is divided by 16.
9
What is the remainder when 660 is divided by 650?
10
What is the remainder when 1260 is divided by 233?
95
What is the remainder when 2370 is divided by 10?
0
What is the remainder when 202 is divided by 52?
46
What is the remainder when 128 is divided by 45?
38
Calculate the remainder when 122 is divided by 80.
42
Calculate the remainder when 3246 is divided by 19.
16
What is the remainder when 279 is divided by 185?
94
What is the remainder when 216 is divided by 112?
104
What is the remainder when 1253 is divided by 19?
18
Calculate the remainder when 1927 is divided by 286.
211
What is the remainder when 68 is divided by 12?
8
Calculate the remainder when 454 is divided by 15.
4
Calculate the remainder when 39 is divided by 18.
3
What is the remainder when 588 is divided by 54?
48
Calculate the remainder when 158 is divided by 78.
2
What is the remainder when 486 is divided by 255?
231
What is the remainder when 1056 is divided by 58?
12
Calculate the remainder when 258 is divided by 22.
16
What is the remainder when 477 is divided by 475?
2
What is the remainder when 1082 is divided by 84?
74
What is the remainder when 470 is divided by 156?
2
Calculate the remainder when 9 is divided by 6.
3
Calculate the remainder when 530 is divided by 28.
26
What is the remainder when 192 is divided by 30?
12
Calculate the remainder when 428 is divided by 66.
32
Calculate the remainder when 503 is divided by 42.
41
What is the remainder when 975 is divided by 237?
27
What is the remainder when 6550 is divided by 36?
34
Calculate the remainder when 182 is divided by 86.
10
What is the remainder when 1293 is divided by 353?
234
Calculate the remainder when 1014 is divided by 36.
6
Calculate the remainder when 63 is divided by 49.
14
Calculate the remainder when 1340 is divided by 86.
50
What is the remainder when 1018 is divided by 30?
28
Calculate the remainder when 16696 is divided by 253.
251
Calculate the remainder when 521 is divided by 21.
17
Calculate the remainder when 29309 is divided by 30.
29
What is the remainder when 4359 is divided by 40?
39
What is the remainder when 1390 is divided by 17?
13
What is the remainder when 127 is divided by 39?
10
Calculate the remainder when 481 is divided by 118.
9
What is the remainder when 6043 is divided by 48?
43
Calculate the remainder when 1477 is divided by 1477.
0
Calculate the remainder when 7420 is divided by 181.
180
What is the remainder when 13926 is divided by 23?
11
Calculate the remainder when 700 is divided by 8.
4
Calculate the remainder when 295 is divided by 83.
46
Calculat